 of 11866 and 3839.
349
Calculate the greatest common divisor of 4864 and 85248.
256
Calculate the highest common factor of 1240 and 66712.
248
Calculate the greatest common divisor of 47009 and 134543.
1621
Calculate the highest common factor of 197168 and 240.
16
What is the greatest common factor of 76934 and 286?
286
Calculate the highest common divisor of 548883 and 1305.
261
Calculate the highest common divisor of 54168 and 8769.
111
Calculate the highest common divisor of 18206508 and 24.
12
What is the greatest common factor of 6 and 1647?
3
Calculate the highest common divisor of 1186 and 1829405.
593
Calculate the highest common factor of 1664 and 2176.
128
What is the greatest common divisor of 299 and 22304503?
299
Calculate the highest common factor of 508 and 134366.
254
What is the greatest common factor of 742405 and 370?
185
What is the highest common factor of 1926711 and 1746?
873
What is the highest common divisor of 471011 and 53?
53
What is the greatest common divisor of 48 and 10587?
3
What is the highest common divisor of 12825 and 540?
135
Calculate the highest common factor of 414137 and 34.
17
What is the highest common divisor of 4860 and 3140?
20
Calculate the greatest common factor of 51855 and 5.
5
Calculate the highest common divisor of 591 and 1692.
3
Calculate the highest common factor of 520 and 10440.
40
What is the greatest common factor of 54 and 10719?
27
What is the highest common divisor of 1111 and 42218?
1111
What is the greatest common divisor of 5 and 2021005?
5
Calculate the highest common divisor of 592 and 40672.
16
What is the highest common divisor of 766597 and 1082?
541
What is the greatest common divisor of 136 and 25126?
34
What is the greatest common factor of 66668 and 112?
28
Calculate the greatest common factor of 871616 and 160.
32
What is the greatest common factor of 6206 and 58?
58
Calculate the greatest common factor of 21245 and 1295.
35
Calculate the highest common factor of 138 and 31257.
69
What is the greatest common divisor of 146 and 106507?
73
What is the greatest common factor of 2123962 and 1757?
251
Calculate the greatest common factor of 32 and 31275616.
32
Calculate the highest common divisor of 364 and 16128.
28
Calculate the greatest common divisor of 1545 and 37595.
515
What is the greatest common factor of 58140 and 17?
17
What is the greatest common divisor of 803 and 2555?
73
What is the greatest common factor of 498302 and 42?
14
Calculate the greatest common factor of 4865 and 1135.
5
What is the highest common divisor of 145 and 2858965?
145
Calculate the greatest common factor of 588425 and 175.
25
What is the greatest common factor of 362 and 19629450?
362
Calculate the highest common factor of 326 and 72209.
163
Calculate the greatest common factor of 90 and 290865.
15
What is the greatest common divisor of 2040 and 19992?
408
What is the highest common divisor of 1244665 and 1335?
445
What is the highest common divisor of 10038 and 1932?
42
What is the greatest common factor of 1920248 and 77?
11
What is the greatest common divisor of 6515 and 10?
5
Calculate the greatest common divisor of 2717 and 6479.
209
What is the highest common divisor of 66504 and 16?
8
Calculate the greatest common divisor of 260 and 14660.
20
Calculate the highest common divisor of 674416 and 4.
4
What is the highest common factor of 6134832 and 432?
432
What is the highest common factor of 121224 and 24?
24
What is the greatest common divisor of 23496 and 781?
11
Calculate the greatest common divisor of 24510 and 442470.
1290
Calculate the greatest common divisor of 471 and 203943.
471
What is the greatest common factor of 7 and 2342851?
7
What is the highest common divisor of 2150 and 740?
10
What is the greatest common factor of 527814 and 531?
531
What is the highest common factor of 2481 and 135?
3
What is the highest common divisor of 3650 and 350?
50
Calculate the greatest common factor of 154 and 575729.
77
What is the highest common divisor of 4352 and 36?
4
What is the greatest common divisor of 29829 and 68259?
183
Calculate the highest common divisor of 42201 and 2349.
81
Calculate the highest common divisor of 340 and 5182.
2
What is the highest common divisor of 129 and 3375?
3
What is the greatest common divisor of 6597 and 1223377?
733
What is the highest common divisor of 294 and 202468?
98
Calculate the highest common factor of 79808 and 348.
116
What is the highest common factor of 643434 and 66?
66
Calculate the greatest common divisor of 583 and 7513.
11
What is the highest common divisor of 938 and 1072?
134
Calculate the greatest common factor of 9936 and 8349.
69
Calculate the greatest common divisor of 128612 and 948.
316
Calculate the highest common divisor of 112 and 27392.
16
Calculate the highest common divisor of 2853 and 5004.
9
Calculate the highest common divisor of 30759 and 27.
3
Calculate the greatest common divisor of 508323 and 53.
53
What is the highest common divisor of 3840 and 39?
3
Calculate the greatest common divisor of 74639 and 101.
101
Calculate the greatest common factor of 231753 and 8040.
201
Calculate the greatest common factor of 1685757 and 222.
111
What is the highest common factor of 1872 and 35152?
208
What is the highest common divisor of 37058 and 28?
14
What is the highest common factor of 13906 and 374?
34
What is the greatest common divisor of 374 and 144650?
22
What is the greatest common divisor of 882276 and 12?
12
Calculate the greatest common divisor of 23 and 57983.
23
Calculate the highest common factor of 371472 and 13064.
568
Calculate the greatest common divisor of 66 and 723338.
22
What is the highest common factor of 1294570 and 5?
5
Calculate the highest common factor of 11 and 343618.
11
What is the highest common factor of 72381 and 391?
23
Calculate the highest common divisor of 1864358 and 2792.
698
Calculate the highest common factor of 72299 and 394.
197
Calculate the highest common factor of 2646420 and 360.
60
Calculate the highest common divisor of 342 and 7185.
3
Calculate the greatest common divisor of 258 and 3999.
129
What is the greatest common divisor of 202200 and 337?
337
Calculate the greatest common factor of 60020 and 35.
5
Calculate the greatest common divisor of 366611 and 249.
83
What is the greatest common divisor of 6476 and 2650303?
1619
What is the highest common divisor of 60287 and 3895?
19
What is the highest common divisor of 7758 and 56461?
431
What is the greatest common divisor of 85332 and 12?
12
Calculate the highest common factor of 299 and 13501.
23
Calculate the highest common divisor of 26264 and 71422.
134
What is the highest common factor of 17 and 350897?
17
What is the greatest common divisor of 11 and 12497?
1
Calculate the greatest common factor of 20202 and 673881.
1443
What is the greatest common factor of 211431 and 298?
149
What is the highest common divisor of 116561 and 916?
229
What is the highest common divisor of 2958 and 3500793?
1479
Calculate the highest common factor of 10183 and 119.
17
What is the greatest common factor of 1004649 and 51?
51
What is the highest common factor of 4747 and 2121?
101
What is the greatest common factor of 2831 and 15049?
149
Calculate the highest common factor of 33 and 258225.
33
Calculate the greatest common divisor of 38 and 215669.
19
Calculate the highest common factor of 135 and 13815.
45
What is the greatest common factor of 256 and 46400?
64
What is the highest common divisor of 77 and 157157?
77
What is the greatest common factor of 418 and 629090?
418
Calculate the highest common factor of 48 and 9012.
12
What is the greatest common divisor of 24416 and 98?
14
Calculate the greatest common divisor of 150 and 22300.
50
Calculate the greatest common divisor of 700 and 4620.
140
What is the highest common divisor of 8206 and 275?
11
What is the greatest common factor of 238 and 52717?
119
Calculate the highest common divisor of 75 and 1961575.
25
Calculate the highest common divisor of 1827 and 98919.
261
Calculate the highest common divisor of 25024 and 204608.
1472
What is the greatest common factor of 1903 and 4037?
11
Calculate the greatest common factor of 216 and 87111.
9
Calculate the highest common